e remainder when 5208 is divided by 429?
60
What is the remainder when 46099 is divided by 5759?
27
Calculate the remainder when 262054 is divided by 2128.
310
Calculate the remainder when 44708154 is divided by 60.
54
What is the remainder when 7569035 is divided by 1513725?
410
Calculate the remainder when 600182 is divided by 48.
38
Calculate the remainder when 1429822 is divided by 48.
46
What is the remainder when 2877054 is divided by 2877038?
16
Calculate the remainder when 394654 is divided by 2329.
1053
What is the remainder when 6805345 is divided by 3834?
3829
What is the remainder when 610879 is divided by 153?
103
What is the remainder when 1490974 is divided by 38230?
4
What is the remainder when 111116527 is divided by 11018?
11015
Calculate the remainder when 5354994 is divided by 140.
134
Calculate the remainder when 894574 is divided by 9358.
5564
Calculate the remainder when 39486 is divided by 12713.
1347
Calculate the remainder when 29293878 is divided by 585.
3
Calculate the remainder when 991360065 is divided by 12.
9
What is the remainder when 313953 is divided by 104528?
369
What is the remainder when 97376098 is divided by 845?
833
What is the remainder when 70002 is divided by 3029?
335
What is the remainder when 2617199 is divided by 872131?
806
Calculate the remainder when 94368 is divided by 5994.
4458
Calculate the remainder when 209937 is divided by 494.
481
Calculate the remainder when 1574100 is divided by 77.
66
Calculate the remainder when 6766140 is divided by 237.
27
Calculate the remainder when 152104 is divided by 3206.
1422
What is the remainder when 25039262 is divided by 318?
260
What is the remainder when 699710 is divided by 839?
823
What is the remainder when 2035258 is divided by 270?
268
What is the remainder when 86644 is divided by 81150?
5494
What is the remainder when 175138 is divided by 71?
52
What is the remainder when 66586 is divided by 66586?
0
What is the remainder when 90075 is divided by 28857?
3504
What is the remainder when 308866 is divided by 38?
2
What is the remainder when 19955002 is divided by 3294?
3244
Calculate the remainder when 23485940 is divided by 1157.
1154
What is the remainder when 10111952 is divided by 2931?
2
What is the remainder when 4279463 is divided by 158?
33
What is the remainder when 26831776 is divided by 70?
6
What is the remainder when 1939076 is divided by 516?
464
Calculate the remainder when 2365353716 is divided by 5411.
5409
What is the remainder when 16511015 is divided by 75050?
15
Calculate the remainder when 788120 is divided by 2360.
2240
What is the remainder when 514015 is divided by 33?
7
Calculate the remainder when 121174 is divided by 179.
170
Calculate the remainder when 267167 is divided by 709.
583
What is the remainder when 289333992 is divided by 2000?
1992
Calculate the remainder when 136652929 is divided by 678.
673
Calculate the remainder when 1867038 is divided by 207446.
24
What is the remainder when 27448 is divided by 21341?
6107
What is the remainder when 48883851 is divided by 115?
111
What is the remainder when 91902 is divided by 45895?
112
What is the remainder when 292081 is divided by 2251?
1702
What is the remainder when 8609005 is divided by 187152?
13
What is the remainder when 6540 is divided by 181?
24
Calculate the remainder when 88421 is divided by 834.
17
What is the remainder when 90672 is divided by 240?
192
What is the remainder when 301473 is divided by 319?
18
Calculate the remainder when 16727239 is divided by 985.
954
Calculate the remainder when 18225741 is divided by 3550.
41
What is the remainder when 226626 is divided by 56656?
2
What is the remainder when 24191 is divided by 2675?
116
What is the remainder when 9907634 is divided by 106533?
65
Calculate the remainder when 1457521 is divided by 64.
49
Calculate the remainder when 61586026 is divided by 42.
40
Calculate the remainder when 200555 is divided by 15273.
2006
What is the remainder when 3805240 is divided by 258?
256
What is the remainder when 1905664 is divided by 212?
208
What is the remainder when 23398445 is divided by 1179?
11
Calculate the remainder when 659993 is divided by 7682.
7023
What is the remainder when 1367175 is divided by 312?
303
Calculate the remainder when 13585077 is divided by 73.
69
Calculate the remainder when 219570 is divided by 219323.
247
Calculate the remainder when 1889822 is divided by 377964.
2
Calculate the remainder when 14008719 is divided by 1476.
3
Calculate the remainder when 81942 is divided by 27294.
60
What is the remainder when 9205236 is divided by 5134?
5108
Calculate the remainder when 840215 is divided by 153.
92
Calculate the remainder when 21928974 is divided by 1548.
6
What is the remainder when 148946934 is divided by 186?
180
What is the remainder when 6075153 is divided by 3037555?
43
Calculate the remainder when 33909200 is divided by 21.
17
Calculate the remainder when 11212832 is divided by 5606390.
52
Calculate the remainder when 341024 is divided by 14824.
72
What is the remainder when 235592 is divided by 26167?
89
What is the remainder when 216966085 is divided by 1969?
6
What is the remainder when 14240 is divided by 215?
50
What is the remainder when 17554385 is divided by 22?
13
What is the remainder when 6998428 is divided by 81377?
6
What is the remainder when 1442745 is divided by 13610?
85
What is the remainder when 8911055 is divided by 1782211?
0
Calculate the remainder when 1348 is divided by 535.
278
What is the remainder when 1309018 is divided by 17667?
1660
Calculate the remainder when 22989 is divided by 22989.
0
Calculate the remainder when 120330 is divided by 38746.
4092
What is the remainder when 3964728 is divided by 32?
24
What is the remainder when 340553 is divided by 113483?
104
What is the remainder when 716056 is divided by 77?
33
What is the remainder when 376819 is divided by 12?
7
Calculate the remainder when 2626734 is divided by 553.
537
What is the remainder when 2288727 is divided by 3889?
1995
What is the remainder when 4001888 is divided by 115?
3
Calculate the remainder when 97667442 is divided by 1973.
1969
What is the remainder when 76828987 is divided by 2954961?
1
What is the remainder when 685647 is divided by 2067?
1470
What is the remainder when 11883 is divided by 4346?
3191
What is the remainder when 33934798 is divided by 7901?
3
What is the remainder when 3203931 is divided by 76?
75
What is the remainder when 22322216 is divided by 378342?
38
Calculate the remainder when 8424305 is divided by 2106074.
9
Calculate the remainder when 420439 is divided by 10.
9
What is the remainder when 70465 is divided by 19049?
13318
Calculate the remainder when 345780 is divided by 219.
198
What is the remainder when 171834 is divided by 241?
1
What is the remainder when 511263 is divided by 3366?
2997
What is the remainder when 314107 is divided by 2416?
27
Calculate the remainder when 596874 is divided by 9471.
201
What is the remainder when 424595 is divided by 44?
39
What is the remainder when 287002 is divided by 9258?
4
What is the remainder when 4754309 is divided by 25?
9
What is the remainder when 142171 is divided by 12?
7
Calculate the remainder when 804947 is divided by 4215.
4097
What is the remainder when 7215 is divided by 401?
398
Calculate the remainder when 1382455 is divided by 691222.
11
Calculate the remainder when 131496097 is divided by 1468.
1465
Calculate the remainder when 1820591 is divided by 663.
656
What is the remainder when 23941971 is divided by 42?
39
What is the remainder when 1661378 is divided by 19?
18
What is the remainder when 7494134 is divided by 10?
4
Calculate the remainder when 4160447 is divided by 26667.
395
Calculate the remainder when 1788593 is divided by 13054.
195
What is the remainder when 475694 is divided by 1554?
170
What is the remainder when 225186 is divided by 75056?
18
What is the remainder when 1186842 is divided by 2064?
42
Calculate the remainder when 1662742 is divided by 75.
67
Calculate the remainder when 1756517 is divided by 1367.
1289
Calculate the remainder when 19786 is divided by 1779.
217
What is the remainder when 10794380 is divided by 723?
713
What is the remainder wh